{"id":2940,"date":"2022-02-28T19:23:40","date_gmt":"2022-02-28T18:23:40","guid":{"rendered":"https:\/\/otwartyplan.org\/?page_id=2940"},"modified":"2022-02-28T19:23:40","modified_gmt":"2022-02-28T18:23:40","slug":"emilia-slimko","status":"publish","type":"page","link":"https:\/\/otwartyplan.org\/en\/emilia-slimko\/","title":{"rendered":"Emilia \u015alimko"},"content":{"rendered":"<p> Od 2008 roku zaanga\u017cowana w dzia\u0142ania organizacji pozarz\u0105dowych zwi\u0105zanych z edukacj\u0105 ekologiczn\u0105 oraz wsp\u00f3\u0142prac\u0105 rozwojow\u0105. Wieloletnia wsp\u00f3\u0142pracowniczka Polskiej Zielonej Sieci, w kt\u00f3rej prowadzi kampanie WY\u017bYWI\u0106 \u015aWIAT na rzecz suwerenno\u015bci \u017cywno\u015bciowej oraz KLIMAT DLA ROLNIK\u00d3W o zr\u00f3wnowa\u017conym rolnictwie. Zafascynowana ide\u0105 zr\u00f3wnowa\u017conego rozwoju od czas\u00f3w studenckich. Maksym\u0119 \u201emy\u015bl globalnie \u2013 dzia\u0142aj lokalnie\u201d stosuje w praktyce \u2013 anga\u017cuje si\u0119 w mi\u0119dzynarodowe kampanie, jednocze\u015bnie promuj\u0105c lokalne rozwi\u0105zania problem\u00f3w globalnych. Prowadzi wyk\u0142ady, warsztaty, spotkania z rolnikami i studentami. W wolnych chwilach \u017cegluje, w\u0119druje po g\u00f3rach i maluje. Uko\u0144czy\u0142a Mi\u0119dzywydzia\u0142owe Indywidualne Studia Humanistyczne na UJ.<\/p>","protected":false},"excerpt":{"rendered":"<p>Od 2008 roku zaanga\u017cowana w dzia\u0142ania organizacji pozarz\u0105dowych zwi\u0105zanych z edukacj\u0105 ekologiczn\u0105 oraz wsp\u00f3\u0142prac\u0105 rozwojow\u0105. Wieloletnia wsp\u00f3\u0142pracowniczka Polskiej Zielonej Sieci, w kt\u00f3rej prowadzi kampanie WY\u017bYWI\u0106 \u015aWIAT na rzecz suwerenno\u015bci \u017cywno\u015bciowej oraz KLIMAT DLA ROLNIK\u00d3W o zr\u00f3wnowa\u017conym rolnictwie. Zafascynowana ide\u0105 zr\u00f3wnowa\u017conego [&hellip;]<\/p>\n","protected":false},"author":1,"featured_media":0,"parent":0,"menu_order":0,"comment_status":"closed","ping_status":"closed","template":"","meta":{"footnotes":""},"class_list":["post-2940","page","type-page","status-publish","hentry"],"_links":{"self":[{"href":"https:\/\/otwartyplan.org\/en\/wp-json\/wp\/v2\/pages\/2940","targetHints":{"allow":["GET"]}}],"collection":[{"href":"https:\/\/otwartyplan.org\/en\/wp-json\/wp\/v2\/pages"}],"about":[{"href":"https:\/\/otwartyplan.org\/en\/wp-json\/wp\/v2\/types\/page"}],"author":[{"embeddable":true,"href":"https:\/\/otwartyplan.org\/en\/wp-json\/wp\/v2\/users\/1"}],"replies":[{"embeddable":true,"href":"https:\/\/otwartyplan.org\/en\/wp-json\/wp\/v2\/comments?post=2940"}],"version-history":[{"count":1,"href":"https:\/\/otwartyplan.org\/en\/wp-json\/wp\/v2\/pages\/2940\/revisions"}],"predecessor-version":[{"id":2941,"href":"https:\/\/otwartyplan.org\/en\/wp-json\/wp\/v2\/pages\/2940\/revisions\/2941"}],"wp:attachment":[{"href":"https:\/\/otwartyplan.org\/en\/wp-json\/wp\/v2\/media?parent=2940"}],"curies":[{"name":"wp","href":"https:\/\/api.w.org\/{rel}","templated":true}]}}

Emilia Ślimko

<p> Od 2008 roku zaangażowana w działania organizacji pozarządowych związanych z edukacją ekologiczną oraz współpracą rozwojową. Wieloletnia współpracowniczka Polskiej Zielonej Sieci, w której prowadzi kampanie WYŻYWIĆ ŚWIAT na rzecz suwerenności żywnościowej oraz KLIMAT DLA ROLNIKÓW o zrównoważonym rolnictwie. Zafascynowana ideą zrównoważonego rozwoju od czasów studenckich. Maksymę „myśl globalnie – działaj lokalnie” stosuje w praktyce – angażuje się w międzynarodowe kampanie, jednocześnie promując lokalne rozwiązania problemów globalnych. Prowadzi wykłady, warsztaty, spotkania z rolnikami i studentami. W wolnych chwilach żegluje, wędruje po górach i maluje. Ukończyła Międzywydziałowe Indywidualne Studia Humanistyczne na UJ.</p>

<p>Od 2008 roku zaangażowana w działania organizacji pozarządowych związanych z edukacją ekologiczną oraz współpracą rozwojową. Wieloletnia współpracowniczka Polskiej Zielonej Sieci, w której prowadzi kampanie WYŻYWIĆ ŚWIAT na rzecz suwerenności żywnościowej oraz KLIMAT DLA ROLNIKÓW o zrównoważonym rolnictwie. Zafascynowana ideą zrównoważonego [&hellip;]</p>
